{"id":64,"date":"2013-11-27T22:07:23","date_gmt":"2013-11-27T20:07:23","guid":{"rendered":"http:\/\/127.0.0.1\/wordpress\/?page_id=64"},"modified":"2023-08-01T14:57:13","modified_gmt":"2023-08-01T13:57:13","slug":"agb","status":"publish","type":"page","link":"http:\/\/rosenmira.de\/wordpress\/agb\/","title":{"rendered":"AGB"},"content":{"rendered":"<p>Allgemeine Gesch\u00e4ftsbedingungen<\/p>\n<style type=\"text\/css\">\n\t<!-- @page { margin: 2cm } P { margin-bottom: 0.21cm } --><br \/>\t<\/style>\n<p><span style=\"color: #000000;\"><span style=\"font-family: 'Franklin Gothic Book', sans-serif;\"><span style=\"font-size: medium;\">1. Geltungsbereich <\/span><\/span><\/span><\/p>\n<p><span style=\"color: #000000;\"><span style=\"font-family: 'Franklin Gothic Book', sans-serif;\"><span style=\"font-size: medium;\">Die nachfolgenden AGB gelten f\u00fcr alle Bestellungen \u00fcber den Online-Shop ROSENMIRA. <\/span><\/span><\/span><\/p>\n<p><span style=\"color: #000000;\"><span style=\"font-family: 'Franklin Gothic Book', sans-serif;\"><span style=\"font-size: medium;\">2. Vertragspartner, Vertragsschluss <\/span><\/span><\/span><\/p>\n<p><span style=\"color: #000000;\"><span style=\"font-family: 'Franklin Gothic Book', sans-serif;\"><span style=\"font-size: medium;\">Der Kaufvertrag kommt zustande mit ROSENMIRA\u00ae, Inh. Christine Kaiser. <\/span><\/span><\/span><\/p>\n<p><span style=\"color: #000000;\"><span style=\"font-family: 'Franklin Gothic Book', sans-serif;\"><span style=\"font-size: medium;\">3. Bestellung <\/span><\/span><\/span><\/p>\n<p><span style=\"color: #000000;\"><span style=\"font-family: 'Franklin Gothic Book', sans-serif;\"><span style=\"font-size: medium;\">Durch Anklicken des Buttons Bestellung abschicken geben Sie eine verbindliche Bestellung der im Warenkorb enthaltenen Waren, zuz\u00fcglich der Versandkosten, ab. Der Mindestbestellwert betr\u00e4gt 5 \u20ac. Die Darstellung der Produkte im Online-Shop stellt kein rechtlich bindendes Angebot, sondern einen unverbindlichen Online-Katalog dar. Davon ausgenommen sind Angebote mit dem Zusatz Unikat, in diesem Fall erhalten Sie den abgebildeten Artikel. Alle Abbildungen unterliegen dem Urheberrecht. <\/span><\/span><\/span><\/p>\n<p><span style=\"color: #000000;\"><span style=\"font-family: 'Franklin Gothic Book', sans-serif;\"><span style=\"font-size: medium;\">4. Versandkosten <\/span><\/span><\/span><\/p>\n<p><span style=\"color: #000000;\"><span style=\"font-family: 'Franklin Gothic Book', sans-serif;\"><span style=\"font-size: medium;\">Zuz\u00fcglich zu den angegebenen Produktpreisen kommt eine Versandkostenpauschale hinzu.&nbsp; Diese betr\u00e4gt f\u00fcr Lieferungen innerhalb Deutschlands \u20ac 3,-.&nbsp; Versand&nbsp;von Waren ins Ausland ist lt. neuer Regelung der Post ab. 01.01.2019 nur noch als P\u00e4ckchen oder Paket m\u00f6glich,&nbsp;Versandkosten bitte&nbsp;erfragen.<\/span><\/span><\/span><\/p>\n<p><span style=\"color: #000000;\"><span style=\"font-family: 'Franklin Gothic Book', sans-serif;\"><span style=\"font-size: medium;\">5. Bezahlung und Versand <\/span><\/span><\/span><\/p>\n<p><span style=\"color: #000000;\"><span style=\"font-family: 'Franklin Gothic Book', sans-serif;\"><span style=\"font-size: medium;\">Bezahlung der Rechnung per Vorkasse. Bei Zahlungen aus dem Ausland tr\u00e4gt der Kunde die anfallenden Bearbeitungskosten\/Spesen der Bank. Bitte vor \u00dcberweisung den Betrag kl\u00e4ren und zum Rechnungsbetrag hinzuf\u00fcgen.&nbsp;<\/span><\/span><\/span>(Beispiel \u00dcberweisung aus Australien: die Bank beh\u00e4lt 15 \u20ac Geb\u00fchren ein.) Sobald der vollst\u00e4ndige Rechnungsbetrag unserem Konto gut geschrieben ist, wird die Ware versandt.<\/p>\n<p><span style=\"color: #000000;\"><span style=\"font-family: 'Franklin Gothic Book', sans-serif;\"><span style=\"font-size: medium;\">Der Versand der Ware erfolgt 1 \u2013&nbsp;3 Arbeitstage nach Zahlungseingang.<\/span><\/span><\/span><\/p>\n<p><span style=\"color: #000000;\"><span style=\"font-family: 'Franklin Gothic Book', sans-serif;\"><span style=\"font-size: medium;\">6. Widerrufsbelehrung <\/span><\/span><\/span><\/p>\n<p><span style=\"color: #000000;\"><span style=\"font-family: 'Franklin Gothic Book', sans-serif;\"><span style=\"font-size: medium;\">Widerrufsrecht<br \/>\nSie haben das Recht, binnen vierzehn Tagen ohne Angabe von Gr\u00fcnden diesen Vertrag zu widerrufen. Die Widerrufsfrist betr\u00e4gt vierzehn Tage ab dem Tag an dem Sie oder ein von Ihnen benannter Dritter, der nicht der Bef\u00f6rderer ist, die Waren in Besitz genommen haben bzw. hat.<br \/>\nUm Ihr Widerrufsrecht auszu\u00fcben, m\u00fcssen Sie uns (ROSENMIRA, Christine Kaiser, R\u00f6merstra\u00dfe 5, 79790 K\u00fcssaberg) die Waren vor Ablauf der Frist von vierzehn Tagen zur\u00fccksenden. Sie tragen die Kosten der R\u00fccksendung der Waren. Wenn Sie diesen Vertrag widerrufen, haben wir Ihnen alle Zahlungen, die wir von Ihnen erhalten haben, sp\u00e4testens vierzehn Tage ab dem Tag zur\u00fcckzuzahlen, an dem wir die an Sie gelieferte und an uns zur\u00fcckgesandte Ware erhalten haben. <\/span><\/span><\/span><\/p>\n<p><span style=\"color: #000000;\"><span style=\"font-family: 'Franklin Gothic Book', sans-serif;\"><span style=\"font-size: medium;\">Ausschluss des Widerrufsrechtes<br \/>\nDas Widerrufsrecht besteht nicht bei Vertr\u00e4gen zur Lieferung von Sonderangeboten und Waren, die nach speziellem Kundenwunsch und\/oder f\u00fcr deren Herstellung eine individuelle Auswahl durch den Verbraucher ma\u00dfgeblich ist oder die eindeutig auf die pers\u00f6nlichen Bed\u00fcrfnisse des Verbrauchers zugeschnitten sind. <\/span><\/span><\/span><\/p>\n","protected":false},"excerpt":{"rendered":"<p>Allgemeine Gesch\u00e4ftsbedingungen 1. Geltungsbereich Die nachfolgenden AGB gelten f\u00fcr alle Bestellungen \u00fcber den Online-Shop ROSENMIRA. 2. Vertragspartner, Vertragsschluss Der Kaufvertrag kommt zustande mit ROSENMIRA\u00ae, Inh. Christine Kaiser. 3. Bestellung Durch Anklicken des Buttons Bestellung abschicken geben Sie eine verbindliche Bestellung der im Warenkorb enthaltenen Waren, zuz\u00fcglich der Versandkosten, ab. Der Mindestbestellwert betr\u00e4gt 5 \u20ac. Die [&hellip;]<\/p>\n","protected":false},"author":1,"featured_media":0,"parent":0,"menu_order":0,"comment_status":"closed","ping_status":"open","template":"","meta":[],"_links":{"self":[{"href":"http:\/\/rosenmira.de\/wordpress\/wp-json\/wp\/v2\/pages\/64"}],"collection":[{"href":"http:\/\/rosenmira.de\/wordpress\/wp-json\/wp\/v2\/pages"}],"about":[{"href":"http:\/\/rosenmira.de\/wordpress\/wp-json\/wp\/v2\/types\/page"}],"author":[{"embeddable":true,"href":"http:\/\/rosenmira.de\/wordpress\/wp-json\/wp\/v2\/users\/1"}],"replies":[{"embeddable":true,"href":"http:\/\/rosenmira.de\/wordpress\/wp-json\/wp\/v2\/comments?post=64"}],"version-history":[{"count":13,"href":"http:\/\/rosenmira.de\/wordpress\/wp-json\/wp\/v2\/pages\/64\/revisions"}],"predecessor-version":[{"id":3351,"href":"http:\/\/rosenmira.de\/wordpress\/wp-json\/wp\/v2\/pages\/64\/revisions\/3351"}],"wp:attachment":[{"href":"http:\/\/rosenmira.de\/wordpress\/wp-json\/wp\/v2\/media?parent=64"}],"curies":[{"name":"wp","href":"https:\/\/api.w.org\/{rel}","templated":true}]}}